{"id":367,"date":"2017-11-09T19:58:29","date_gmt":"2017-11-09T18:58:29","guid":{"rendered":"http:\/\/shop.alexhug.ch\/?post_type=product&#038;p=367"},"modified":"2025-12-11T14:44:50","modified_gmt":"2025-12-11T13:44:50","slug":"schreinerwerkzeugkiste-leer","status":"publish","type":"product","link":"https:\/\/breitegestaltung.ch\/shop\/tischler-produkt\/schreinerwerkzeugkiste-leer\/","title":{"rendered":"TRAGBAR Schreinerwerkzeugkiste leer; 2 Wochen Lieferfrist"},"content":{"rendered":"<div>\n<div>Schreinerwerkzeugkiste ohne kompletten<\/div>\n<div>Werkzeugsatz jedoch mit:<\/div>\n<\/div>\n<div><strong>NEU: Modifizierter RALI PRESS Schraubstock speziell f\u00fcr unsere Werkzeugkiste<\/strong><\/div>\n<div>Zus\u00e4tzliches Werkzeug, <strong>zwingend<\/strong> <strong>best\u00fcck<\/strong>t f\u00fcr die TRAGBAR Schreinerkiste:<\/div>\n<div><strong>-Eisens\u00e4ge 400mm<\/strong><\/div>\n<div><strong>-BAHCO Schmiege<\/strong><\/div>\n<div><strong>&#8211; VOGEL 45 Grad Gehrmass<\/strong><\/div>\n<div><strong>-STANLEY Brecheisen<\/strong><\/div>\n<div>\n<div>&#8211; Bohrersatz ALPEN 1 &#8211; 10 mm 19 &#8211; teilig<\/div>\n<div>&#8211; HM Astlochbohrer 15\/20\/25\/30\/35mm<\/div>\n<div>&#8211; De\/Magnetizer<\/div>\n<\/div>\n<div>&#8211; Schreibplatte f\u00fcr Rapporte und Pl\u00e4ne<\/div>\n<div>&#8211; Systainerhalter<\/div>\n<div>&#8211; Schublade<\/div>\n<div>&#8211; Auszugsgriff<\/div>\n<div>&#8211; Schwerlastrollen<\/div>\n<div>&#8211; gefederte Seitengriffe<\/div>\n<div>&#8211; kombinierter Griff-Fuss<\/div>\n<div>&#8211; 5 &#8211; fach Steckbatterie mit 2 m Kabel<\/div>\n<div>\n<div>Material:<\/div>\n<div>&#8211; Birkensperrholz ge\u00f6lt\/schwarz lackiert<\/div>\n<div>&#8211; gelasertes Aluminiumblech<\/div>\n<div>&#8211; Etafoam Schaumstoff, PE Rohre<\/div>\n<\/div>\n","protected":false},"excerpt":{"rendered":"<p>Schreinerwerkzeugkiste ohne kompletten Werkzeugsatz jedoch mit: NEU: Modifizierter RALI PRESS Schraubstock speziell f\u00fcr unsere Werkzeugkiste Zus\u00e4tzliches Werkzeug, zwingend best\u00fcckt f\u00fcr die TRAGBAR Schreinerkiste: -Eisens\u00e4ge 400mm -BAHCO Schmiege &#8211; VOGEL 45 Grad Gehrmass -STANLEY Brecheisen &#8211; Bohrersatz ALPEN 1 &#8211; 10 mm 19 &#8211; teilig &#8211; HM Astlochbohrer 15\/20\/25\/30\/35mm &#8211; De\/Magnetizer &#8211; Schreibplatte f\u00fcr Rapporte und [&hellip;]<\/p>\n","protected":false},"featured_media":344,"template":"","meta":[],"product_cat":[64],"product_tag":[],"class_list":{"0":"post-367","1":"product","2":"type-product","3":"status-publish","4":"has-post-thumbnail","6":"product_cat-tragbar-schreinerwerkzeugkiste","7":"product_shipping_class-tragbar-schreiner-leer","9":"first","10":"instock","11":"taxable","12":"shipping-taxable","13":"purchasable","14":"product-type-simple"},"_links":{"self":[{"href":"https:\/\/breitegestaltung.ch\/shop\/wp-json\/wp\/v2\/product\/367","targetHints":{"allow":["GET"]}}],"collection":[{"href":"https:\/\/breitegestaltung.ch\/shop\/wp-json\/wp\/v2\/product"}],"about":[{"href":"https:\/\/breitegestaltung.ch\/shop\/wp-json\/wp\/v2\/types\/product"}],"wp:featuredmedia":[{"embeddable":true,"href":"https:\/\/breitegestaltung.ch\/shop\/wp-json\/wp\/v2\/media\/344"}],"wp:attachment":[{"href":"https:\/\/breitegestaltung.ch\/shop\/wp-json\/wp\/v2\/media?parent=367"}],"wp:term":[{"taxonomy":"product_cat","embeddable":true,"href":"https:\/\/breitegestaltung.ch\/shop\/wp-json\/wp\/v2\/product_cat?post=367"},{"taxonomy":"product_tag","embeddable":true,"href":"https:\/\/breitegestaltung.ch\/shop\/wp-json\/wp\/v2\/product_tag?post=367"}],"curies":[{"name":"wp","href":"https:\/\/api.w.org\/{rel}","templated":true}]}}